ide 101952?
False
Is 14758 a multiple of 68?
False
Does 56 divide 393463?
False
Is 90 a factor of 6392880?
True
Is 36 a factor of 9767210?
False
Does 20 divide 1989630?
False
Is 9 a factor of 4451004?
True
Is 3428 a multiple of 4?
True
Is 3 a factor of 85107?
True
Is 123594 a multiple of 6?
True
Is 1023467 a multiple of 800?
False
Is 72 a factor of 219744?
True
Is 889145 a multiple of 26?
False
Is 41 a factor of 359986?
False
Is 29 a factor of 273355?
False
Is 15 a factor of 14591714?
False
Is 256824 a multiple of 369?
True
Does 238 divide 371518?
True
Is 160 a factor of 3864897?
False
Is 4075774 a multiple of 193?
True
Is 5333243 a multiple of 116?
False
Is 1183670 a multiple of 76?
False
Is 1166773 a multiple of 159?
False
Does 31 divide 3433323?
False
Is 1621 a factor of 3379042?
False
Is 8224 a multiple of 2?
True
Is 166 a factor of 797571?
False
Does 21 divide 156937?
False
Does 101 divide 66054?
True
Does 111 divide 7633?
False
Is 444179 a multiple of 24?
False
Is 34021 a multiple of 211?
False
Is 162833 a multiple of 113?
True
Is 917856 a multiple of 72?
True
Is 12 a factor of 740269?
False
Is 36 a factor of 85029?
False
Is 77 a factor of 7453061?
True
Is 68580 a multiple of 9?
True
Is 8163555 a multiple of 146?
False
Does 134 divide 8656132?
True
Is 135 a factor of 8065914?
False
Does 18 divide 2753627?
False
Is 27 a factor of 14778751?
False
Does 136 divide 241672?
True
Is 4 a factor of 9997964?
True
Is 10 a factor of 138320?
True
Is 168948 a multiple of 26?
True
Is 5933928 a multiple of 132?
True
Is 126 a factor of 1004724?
True
Is 16 a factor of 14093?
False
Is 3510252 a multiple of 6?
True
Does 57 divide 50445?
True
Is 111200 a multiple of 356?
False
Is 21 a factor of 6770022?
True
Is 18 a factor of 6704442?
True
Does 415 divide 712800?
False
Is 37695 a multiple of 105?
True
Is 840797 a multiple of 40?
False
Does 69 divide 1255731?
True
Does 50 divide 8692050?
True
Is 254 a factor of 685534?
False
Is 364875 a multiple of 35?
True
Does 39 divide 196833?
True
Is 88 a factor of 16449224?
True
Is 1605987 a multiple of 2?
False
Does 283 divide 1632061?
True
Does 46 divide 311866?
False
Does 344 divide 3606725?
False
Is 466961 a multiple of 11?
True
Is 4214287 a multiple of 229?
True
Is 16129 a multiple of 8?
False
Does 20 divide 5909?
False
Does 128 divide 7076096?
True
Does 578 divide 1921325?
False
Is 17 a factor of 764630?
False
Is 1130 a factor of 26995700?
True
Is 17 a factor of 884?
True
Is 14 a factor of 17521674?
False
Is 27 a factor of 247462?
False
Is 80776 a multiple of 84?
False
Is 1122 a factor of 2555916?
True
Is 1023360 a multiple of 20?
True
Is 4175976 a multiple of 196?
True
Does 87 divide 1177719?
True
Is 315216 a multiple of 12?
True
Is 3 a factor of 1825085?
False
Does 144 divide 2243500?
False
Is 15 a factor of 432615?
True
Is 762408 a multiple of 108?
False
Is 1726310 a multiple of 47?
True
Does 152 divide 44688?
True
Does 38 divide 57456?
True
Does 5 divide 989325?
True
Is 41367 a multiple of 252?
False
Is 771539 a multiple of 101?
True
Is 143660 a multiple of 22?
True
Is 88 a factor of 1430416?
False
Is 907875 a multiple of 27?
True
Does 137 divide 204082?
False
Does 396 divide 9071964?
True
Is 24 a factor of 220800?
True
Is 5161892 a multiple of 86?
True
Does 43 divide 286337?
True
Is 412400 a multiple of 155?
False
Is 1320 a factor of 1620960?
True
Is 2252356 a multiple of 139?
True
Does 14 divide 795139?
False
Does 3 divide 3805744?
False
Is 42 a factor of 126602?
False
Does 251 divide 748329?
False
Is 4190931 a multiple of 59?
False
Is 11 a factor of 8136535?
True
Is 7 a factor of 355222?
True
Does 135 divide 43437?
False
Does 19 divide 4575100?
False
Is 15 a factor of 193439?
False
Is 1101758 a multiple of 29?
False
Does 293 divide 829213?
False
Does 7 divide 80603?
False
Is 151158 a multiple of 21?
True
Is 8 a factor of 16352?
True
Is 94 a factor of 757842?
False
Is 23630 a multiple of 108?
False
Is 112896 a multiple of 196?
True
Is 220 a factor of 13895860?
True
Is 1152069 a multiple of 107?
True
Is 24 a factor of 9539850?
False
Is 95 a factor of 13138975?
True
Is 237 a factor of 7378758?
True
Is 10 a factor of 1910400?
True
Is 334197 a multiple of 9?
True
Does 42 divide 4690770?
True
Is 45390 a multiple of 15?
True
Is 4401 a multiple of 3?
True
Is 307 a factor of 4991513?
True
Is 2180114 a multiple of 34?
True
Is 6502318 a multiple of 14?
False
Does 203 divide 202188?
True
Is 7 a factor of 1176?
True
Is 29 a factor of 1535521?
True
Does 19 divide 122968?
True
Is 11393279 a multiple of 16?
False
Does 22 divide 1037768?
False
Is 117 a factor of 945126?
True
Is 6 a factor of 74549?
False
Does 13 divide 1023321?
True
Is 13 a factor of 890435?
True
Is 760 a factor of 16782320?
True
Does 18 divide 198489?
False
Is 139143 even?
False
Does 33 divide 125598?
True
Is 30 a factor of 16290?
True
Does 598 divide 25240982?
True
Is 4331910 a multiple of 375?
False
Is 135283 a multiple of 146?
False
Is 43 a factor of 381238?
True
Does 3 divide 14629?
False
Is 2156897 a multiple of 260?
False
Is 17 a factor of 5624064?
False
Is 10 a factor of 2262820?
True
Is 1552815 a multiple of 99?
True
Does 57 divide 134862?
True
Is 12 a factor of 899587?
False
Is 922752 a multiple of 642?
False
Is 419595 a multiple of 85?
False
Does 88 divide 73392?
True
Is 483 a factor of 3741818?
False
Is 412 a factor of 25956?
True
Is 39 a factor of 61085?
False
Is 319 a factor of 583411?
False
Does 588 divide 220093?
False
Is 23 a factor of 13985357?
True
Is 16294376 a multiple of 52?
False
Is 1878065 a multiple of 23?
True
Is 5696299 a multiple of 1151?
True
Is 115 a factor of 38410?
True
Is 9 a factor of 5331861?
True
Is 2573073 a multiple of 3?
True
Is 827 a factor of 183452?
False
Is 1470370 a multiple of 8?
False
Does 39 divide 102606?
False
Does 409 divide 2367834?
False
Is 24293 a multiple of 4?
False
Is 1390345 a multiple of 85?
True
Does 61 divide 14182830?
False
Is 23 a factor of 13814218?
False
Is 166 a factor of 985268?
False
Does 4 divide 6001086?
False
Does 214 divide 2725287?
False
Is 194 a factor of 1799932?
True
Is 106 a factor of 486191?
False
Is 428640 a multiple of 48?
True
Does 116 divide 1541450?
False
Is 358796 a multiple of 76?
True
Is 4 a factor of 622635?
False
Is 267444 a multiple of 19?
True
Does 33 divide 57849?
True
Is 259977 a multiple of 19?
True
Is 196502 a multiple of 20?
False
Is 537018 a multiple of 501?
False
Is 11 a factor of 8840929?
False
Does 30 divide 1402980?
True
Is 96786 a multiple of 5?
False
Is 1037340 a multiple of 27?
True
Is 277266 a multiple of 55?
False
Is 482 a factor of 549962?
True
Is 27 a factor of 3406611?
False
Is 46 a factor of 4285406?
True
Is 13949184 a multiple of 41?
True
Does 196 divide 1953139?
False
Does 142 divide 168696?
True
Is 252 a factor of 5872104?
True
Is 2801965 a multiple of 85?
False
Is 7917 a multiple of 10?
False
Does 1075 divide 4631829?
False
Is 495006 a multiple of 34?
True
Does 528 divide 238988?
False
Is 22 a factor of 421837?
False
Is 4 a factor of 944920?
True
Does 51 divide 27423?
False
Does 34 divide 8376?
False
Is 4 a factor of 136138?
False
Is 5 a factor of 536441?
False
Is 11 a factor of 194088?
False
Is 1746108 a multiple of 126?
True
Is 6 a factor of 5987616?
True
Does 489 divide 1105428?
False
Does 124 divide 1047924?
True
Is 538400 a multiple of 100?
True
Is 52 a factor of 1512088?
False
Does 478 divide 234427?
False
Is 24 a factor of 865322?
False
Is 202181 a multiple of 119?
True
Is 10 a factor of 2970641?
False
Is 3628705 a multiple of 41?
True
Does 166 divide 2029113?
False
Is 3308103 a multiple of 10?
False
Is 49701 a multiple of 54?
False
Does 693 divide 2984714?
False
Is 815661 a multiple of 63?
True
Does 30 divide 465725?
False
Is 1685754 a multiple of 119?
True
Does 131 divide 351473?
True
Is 489097 a multiple of 7?
True
Is 24 a factor of 10397400?
True
Is 13100360 a multiple of 140?
True
Is 21 a factor of 1243326?
True
Does 39 divide 32448?
True
Does 240 divide 2185695?
False
Does 369 divide 809217?
True
Is 6570567 a multiple of 131?
True
Does 269 divide 13450?
True
Is 12 a factor of 1140?
True
Does 127 divide 117163?
False
Is 213 a factor of 2055663?
True
Does 23 divide 766877?
False
Is 355680 a multiple of 13?
True
Does 4 divide 122814?